and 234.
117
What is the greatest common factor of 4 and 26305?
1
Calculate the greatest common factor of 42915 and 6.
3
What is the greatest common divisor of 237068 and 36569?
1261
Calculate the highest common factor of 4046 and 2108.
34
What is the highest common factor of 46340 and 196?
28
Calculate the highest common divisor of 4368 and 2769.
39
What is the greatest common factor of 1037 and 1904?
17
Calculate the greatest common factor of 13611 and 7371.
39
What is the highest common factor of 42 and 508746?
42
Calculate the greatest common divisor of 216 and 1323.
27
Calculate the greatest common factor of 280 and 174040.
40
Calculate the highest common factor of 16520 and 869365.
2065
What is the highest common divisor of 1968 and 79376?
656
Calculate the greatest common divisor of 18146 and 25742.
422
Calculate the greatest common divisor of 125138 and 78.
26
Calculate the highest common factor of 315614 and 1592.
398
Calculate the highest common divisor of 58 and 10063.
29
Calculate the greatest common divisor of 243 and 3384.
9
What is the greatest common factor of 164 and 302006?
82
What is the greatest common factor of 41170 and 108295?
895
What is the greatest common divisor of 168266 and 17?
17
Calculate the greatest common factor of 2518789 and 182.
91
What is the greatest common divisor of 37856 and 18096?
208
Calculate the highest common divisor of 18492 and 30.
6
What is the highest common divisor of 26744 and 200?
8
Calculate the highest common divisor of 735860 and 4.
4
Calculate the highest common factor of 92 and 199847.
23
Calculate the highest common factor of 63 and 585.
9
What is the greatest common divisor of 63 and 38031?
21
What is the highest common factor of 3303510 and 35?
35
What is the greatest common divisor of 549 and 1293993?
549
What is the highest common factor of 2146 and 148?
74
Calculate the greatest common divisor of 22250 and 6764.
178
What is the highest common factor of 2041 and 3419?
13
What is the highest common factor of 557850 and 50?
50
Calculate the highest common divisor of 33912 and 27.
27
Calculate the highest common divisor of 1104 and 1909.
23
Calculate the highest common factor of 300 and 7908.
12
What is the greatest common divisor of 146333 and 753?
251
What is the highest common divisor of 14655 and 1455?
15
What is the greatest common factor of 51430 and 30?
10
What is the greatest common factor of 144 and 21264?
48
Calculate the greatest common divisor of 37637 and 46892.
617
What is the greatest common divisor of 3285840 and 240?
240
What is the highest common divisor of 7609 and 28?
7
Calculate the greatest common divisor of 445 and 200.
5
What is the greatest common divisor of 1532 and 194?
2
What is the highest common factor of 20585 and 1035?
115
Calculate the greatest common divisor of 97230 and 3990.
210
Calculate the highest common factor of 57263 and 3972.
331
Calculate the greatest common divisor of 74000 and 11000.
1000
Calculate the highest common factor of 21 and 4520334.
21
What is the greatest common factor of 297 and 6743?
11
What is the highest common factor of 2150667 and 114?
57
Calculate the greatest common factor of 340250 and 20.
10
What is the highest common factor of 3868480 and 4480?
2240
Calculate the highest common factor of 4422 and 37386.
402
Calculate the greatest common factor of 81760 and 700.
140
Calculate the highest common factor of 216030 and 5605.
95
What is the greatest common divisor of 72105 and 491150?
1045
Calculate the greatest common divisor of 209456 and 4.
4
Calculate the greatest common divisor of 14480 and 12.
4
Calculate the greatest common factor of 297 and 176396.
11
Calculate the greatest common divisor of 10 and 3226.
2
Calculate the highest common factor of 3896084 and 428.
428
What is the greatest common divisor of 119586 and 228?
114
Calculate the highest common factor of 2834 and 12644.
218
What is the highest common divisor of 2381493 and 7689?
699
Calculate the greatest common divisor of 457 and 143041.
457
What is the greatest common divisor of 7496 and 24?
8
What is the highest common divisor of 42 and 415218?
6
What is the highest common factor of 392 and 882?
98
What is the highest common factor of 816 and 748680?
408
Calculate the highest common divisor of 1425 and 126075.
75
What is the highest common divisor of 159 and 276448?
53
What is the greatest common factor of 294 and 968877?
147
Calculate the greatest common divisor of 597294 and 414.
18
Calculate the greatest common divisor of 98 and 134701.
49
Calculate the highest common factor of 109 and 1253827.
109
Calculate the greatest common divisor of 11359 and 9472.
37
Calculate the highest common factor of 5292 and 161847.
441
Calculate the greatest common divisor of 10590 and 15.
15
Calculate the highest common divisor of 7355 and 55.
5
Calculate the greatest common divisor of 2772 and 1013760.
396
Calculate the highest common divisor of 6589 and 671.
11
What is the highest common divisor of 262854 and 306?
306
Calculate the highest common factor of 22379 and 7.
7
Calculate the greatest common divisor of 26188 and 8.
4
What is the greatest common divisor of 2233 and 87696?
203
What is the greatest common factor of 158875 and 410?
205
Calculate the highest common factor of 175 and 150325.
175
What is the greatest common divisor of 9720 and 20385?
135
Calculate the greatest common divisor of 114 and 8531.
19
Calculate the highest common divisor of 36 and 25064892.
36
Calculate the greatest common factor of 168 and 6062.
14
What is the greatest common divisor of 14 and 834176?
14
Calculate the greatest common divisor of 235 and 470.
235
What is the greatest common factor of 431 and 65081?
431
What is the greatest common factor of 824 and 4738?
206
Calculate the highest common factor of 20 and 549975.
5
Calculate the highest common divisor of 769075 and 75.
25
Calculate the greatest common factor of 324 and 1531944.
36
What is the highest common factor of 233404 and 602?
86
Calculate the highest common factor of 348 and 21852.
12
What is the highest common factor of 900285 and 5?
5
What is the highest common divisor of 11 and 50567?
11
What is the greatest common divisor of 7304 and 15770?
166
What is the highest common divisor of 750420 and 198?
198
Calculate the greatest common divisor of 68 and 124134.
34
Calculate the highest common divisor of 209268 and 72.
36
Calculate the greatest common divisor of 52 and 473031.
13
What is the highest common divisor of 84 and 79644?
12
Calculate the highest common divisor of 43621 and 11584.
181
Calculate the greatest common factor of 555 and 45.
15
Calculate the highest common factor of 4 and 465916.
4
Calculate the greatest common divisor of 583 and 7629721.
583
What is the highest common factor of 920 and 265995?
115
What is the highest common factor of 432 and 79956?
36
What is the highest common divisor of 3850 and 186450?
550
Calculate the highest common divisor of 37580 and 100.
20
Calculate the highest common factor of 12 and 341748.
12
What is the greatest common factor of 79 and 392077?
79
What is the greatest common factor of 964834 and 78?
26
Calculate the highest common factor of 63213 and 285.
57
Calculate the greatest common divisor of 651 and 37324.
217
What is the highest common divisor of 4464 and 1128?
24
What is the greatest common divisor of 120 and 63870?
30
Calculate the greatest common factor of 4832 and 624.
16
What is the greatest common factor of 61 and 46?
1
What is the highest common factor of 26 and 948779?
13
What is the highest common factor of 810 and 7263810?
270
Calculate the greatest common factor of 2039497 and 519.
173
Calculate the highest common divisor of 2540 and 2460.
20
What is the greatest common factor of 23553 and 2592?
9
Calculate the highest common divisor of 2775874 and 334.
334
Calculate the highest common factor of 5511 and 6567.
33
Calculate the highest common divisor of 53090 and 10.
10
Calculate the highest common divisor of 7497 and 217.
7
Calculate the greatest common divisor of 2448 and 2367.
9
Calculate the highest common divisor of 137778 and 12.
6
Calculate the greatest common factor of 18560 and 1440.
160
Calculate the highest common factor of 1999193 and 28.